 digit of w(d)?
6
Suppose 4 = 2*b + s, -1 = 3*b + s - 7. What is the units digit of -2 + 19 + (b - 3)?
6
Let q = 7 - 11. Suppose -3*o = -2*a - 17, 3*a - 14 = -3*o - 2. Let s = q + o. What is the units digit of s?
1
What is the tens digit of (3 + 15/(-6))*44?
2
What is the units digit of ((-7)/(-14))/((-1)/(-18))?
9
Suppose 0 = 3*t + x - 16, -2*t + 6 = 5*x - 9. Suppose 29 = 4*w - t*c + 11, 4*w - c = 10. Suppose 4*a - w - 18 = 0. What is the units digit of a?
5
Suppose 4*p - 14 + 2 = 0. What is the tens digit of (2/p)/(1/15)?
1
Let h(i) be the first derivative of -9*i - 1/3*i**3 - 3 + 5*i**2. What is the units digit of h(7)?
2
Let c(j) = 2*j**2 + 6*j - 13. Let z be c(-10). Suppose 0 = -5*d - 4*w + z, 3 = 2*w - w. What is the tens digit of d?
2
Let m = 1 + 3. Suppose 29 = m*n + 13. What is the units digit of n?
4
Let f(u) = u**2 - u + 1. Let c(y) = -y**3 + 4*y**2 - 3*y - 12. Let m(d) = -c(d) - 4*f(d). What is the units digit of m(7)?
8
Let q = 123 + -58. What is the tens digit of q?
6
Suppose -2*l = 3*l + 25. Let j(u) = -u - u**3 + u + 5 - 5*u - 6*u**2. What is the units digit of j(l)?
5
Let a = -151 + 256. What is the hundreds digit of a?
1
Suppose 28*n = 30*n - 126. What is the tens digit of n?
6
Let w = 15 - 10. What is the units digit of w/(((-15)/12)/(-5))?
0
Suppose -z + 13 = -15. What is the tens digit of z?
2
Let c be 2/4 - 20/(-8). Suppose w - 6 = -c. Suppose w*l - 20 = -5. What is the units digit of l?
5
Suppose -4*l = -3*y + 7, -3*l + 4*y - 16 = -l. Suppose l*b - 13 = -1. What is the units digit of b?
6
Suppose -97 = -2*l + w, 0 = -3*l + w + 2*w + 150. What is the tens digit of l?
4
Suppose -4*c = -c. What is the units digit of (c - -1)/(7/147)?
1
Suppose -204 = -2*f + 5*d, 0*f + d + 390 = 4*f. What is the units digit of f?
7
Let a(q) be the first derivative of 5*q**2 + 12*q - 3 + 3*q**3 - 1/4*q**4. What is the units digit of a(10)?
2
Let q(t) = t**3 - 7*t**2 + 5*t - 4. Let r be q(6). Let p = 36 - r. What is the tens digit of p?
4
Let r = -56 + 62. Let a(n) be the first derivative of -n**3/3 + 7*n**2/2 + 7*n - 1. What is the tens digit of a(r)?
1
Let l(o) = -o + 4. Let r be l(7). Let y = 3 - r. Let z = y + -3. What is the units digit of z?
3
Let z(g) = -g - 1. Let t be z(-1). Suppose -x - 3*i = -9 - 4, -i - 1 = t. Let n = -11 + x. What is the units digit of n?
5
Suppose -w = p - 18, -3*w + 2*p = -0*w - 64. What is the tens digit of w?
2
Let i(o) be the second derivative of o**4/24 + 4*o**3/3 - 2*o**2 + 3*o. Let s(d) be the first derivative of i(d). What is the units digit of s(-7)?
1
Let x be -2*(-2)/(-8)*50. Let p = -18 - x. What is the units digit of p?
7
Let p(o) be the first derivative of -o**4/4 - o**3/3 + o**2/2 + 2*o + 1. What is the tens digit of p(-3)?
1
What is the units digit of -3*(-5)/((-30)/(-8)) + 123?
7
Let s(b) = 3*b + 0 + b + b - 1. Let a = 0 - -2. What is the units digit of s(a)?
9
Let i(c) = c + 5. Let u be (-5)/(3/(-18)*-2). Let r = 22 + u. What is the units digit of i(r)?
2
Suppose 15 + 31 = p - a, 5*a - 58 = -p. What is the units digit of p?
8
Suppose 2*r = 3*m - 39, 0 = -5*m + r - 0*r + 65. Suppose -17 - m = -2*w. What is the tens digit of w?
1
Let d(b) = -b - 1. Let u(c) = -4*c + 4*c - 3*c - c. Let j(g) = 2*d(g) - u(g). What is the units digit of j(3)?
4
Suppose 6*t - 8*t = 2. Let z = t + 2. What is the units digit of z?
1
Let k be (-3)/(((-4)/(-18))/(-2)). Suppose 0 = -3*w - 3*p - 21, -4*w - k = -w - 3*p. What is the units digit of (-6 + -2)*10/w?
0
Let r(l) = 89*l - 2. What is the hundreds digit of r(2)?
1
Let x(y) = -y**2 + 10*y - 12. Let u be x(8). Let m = 11 - u. What is the units digit of m?
7
Suppose 3*d + 5*k = 136, 5*k - 133 = -4*d + 45. What is the tens digit of d?
4
What is the tens digit of 1/(-6) + (-633)/(-18)?
3
Let k(h) = -h**2 + 7*h + 1. Let z be k(8). Let q = -1 - z. What is the units digit of q?
6
Suppose 2*g + y - 76 = 0, -g - 4*y + 37 = -3*y. What is the tens digit of g?
3
What is the tens digit of 2/7 - 34010/(-133)?
5
Let f be 1 + (-6)/(0 - 2). Suppose 0*g = -f*g. What is the units digit of g - ((2 - 2) + -5)?
5
Suppose -5*w + 5*s = -55, -2*s + 0 = w - 14. What is the units digit of w?
2
Suppose 4 = -5*o - 2*i + 37, -4*i + 6 = -2*o. What is the units digit of (2/(-5))/(o/(-25))?
2
Let t(c) = -c**3 + 7*c**2 - 4*c - 4. Let q be t(4). Suppose -v = v - q. Suppose 3*n = l + 19, 2*l + v = 5*n - 18. What is the units digit of n?
6
Let x(w) = -3*w - 1. Let s be x(-2). Suppose s*t - 88 = -8. What is the tens digit of t?
1
Let m = 7 - 3. Suppose 0 = 4*s - m. What is the units digit of s?
1
Let l = 18 - 12. Let x(d) = d**3 - 10*d**2 + 11*d - 1. Let t(q) = 2*q**3 - 19*q**2 + 21*q - 3. Let s(u) = 3*t(u) - 5*x(u). What is the units digit of s(l)?
8
Suppose 0*p = 3*p - 156. What is the units digit of p?
2
Suppose 0 = -2*f - w - 4, w - 3*w - 8 = -2*f. Suppose -3*c = -5*b - 26, f*b = -5*c - b + 6. Let x = 4 + c. What is the units digit of x?
6
Suppose -p - 10 = -6*p. Suppose p*y + 2 = 10. What is the units digit of y?
4
Suppose 0 = 3*u - 2*v - 56, -5*u - 5*v = -3 - 57. What is the tens digit of u?
1
Suppose -4*p = -w + 19, 3*p + 13 = 5*p - 5*w. Let l(t) = -t - 3. Let s be l(p). Suppose -2 - 1 = -s*v. What is the units digit of v?
1
Let l = -18 + 9. Let a = l + 13. What is the units digit of a?
4
Let l = 61 - 29. What is the tens digit of l?
3
What is the tens digit of (-12)/((-22)/7 - -3)?
8
Let j(p) = p**3 + 3*p**2 - 5*p - 6. Let a be j(-4). Let r = a - -6. What is the units digit of r?
4
Suppose -15 = i - 6*i. Let u(j) = j**2 - 3*j + 3. What is the units digit of u(i)?
3
Let t be (-3)/18 - (-1)/6. Suppose -3*u - 27 = -t*u. Let j(g) = -g**2 - 10*g + 1. What is the units digit of j(u)?
0
Suppose 0 = 6*w - 851 - 19. What is the hundreds digit of w?
1
What is the units digit of (-222)/(-9) + (-2)/(-6)?
5
Let f = -13 + 8. Let b = f + -1. Let a = b - -14. What is the units digit of a?
8
Suppose -u + 21 = -0. What is the units digit of u?
1
Suppose -3*m = -m - 10. Suppose -119 + 4 = -m*a. What is the tens digit of a?
2
Let f = 12 - 7. Suppose 7 - 12 = -f*j. What is the units digit of j?
1
Suppose -r = -3*i + 8, 4*i + 2*r - 8 = 2*i. Suppose 9 - 51 = -i*x. What is the units digit of x?
4
Let a(i) = 3*i**3 - 29*i**3 + 3*i + i**2 - 2*i. What is the units digit of a(-1)?
6
Let f = -14 - -21. Let b = f - 5. Suppose -b*u + 18 - 2 = 0. What is the units digit of u?
8
Suppose -5*o + 5*u + 480 = 0, 3*o + 0*o - 5*u - 286 = 0. What is the tens digit of o?
9
Let c(h) = h - 5. Let k be c(4). Let t(y) = 9*y**2 + y. Let d be t(k). Let q = d + 1. What is the units digit of q?
9
Let q(u) = -u**2 + 15*u - 8. Let z be q(10). What is the tens digit of (z/4)/((-2)/(-4))?
2
Suppose -19 = 3*r - 727. What is the units digit of r?
6
Suppose q - 249 = -3*i + i, -374 = -3*i - q. What is the hundreds digit of i?
1
Let f(c) = -c**2 + c - 2. Let k be f(4). Let t be 4/k - (-23)/7. Let g(v) = 2*v**2 - 3*v + 2. What is the units digit of g(t)?
1
What is the units digit of (-39)/(-13) + (2 - 1)?
4
Suppose 5*h - 6 = 309. What is the units digit of h?
3
Suppose 4*q = -0*q - 8. What is the units digit of (-1)/q + (-58)/(-4)?
5
Let c(w) = -w**3 + 10*w**2 + 13*w - 16. Let t be c(11). Let y be ((-20)/6)/(4/t). What is the units digit of (0 - -2) + (7 - y)?
4
Let t be ((-1)/(-2))/(2/(-8)). Let l be (-10)/(0/3 + t). Suppose l*s = 5*p - 38 + 8, s + 14 = 3*p. What is the units digit of p?
4
What is the tens digit of 6*1*(-119)/(-21)?
3
Suppose -2*z + 6 + 41 = 3*m, 2*z + 10 = 0. Let i = m + -1. What is the units digit of i?
8
Suppose -6*a = -2*a + 40. Let s(g) = -g**2 - 13*g - 13. What is the tens digit of s(a)?
1
Suppose -3*v + 109 = 5*l + v, v = 1. What is the tens digit of l?
2
Suppose 4*d + 62 = 3*w - 0*d, -5*d = 4*w - 62. Suppose -4*u = -w + 2. What is the units digit of u?
4
Suppose -173 = -3*s - 2*u, -4*u = -5*s + 8*s - 181. What is the tens digit of s?
5
Suppose 3*h - 7*h = -20. Suppose h*a = a - 36. What is the units digit of 3*6*(-2)/a?
4
Let r(p) = -107*p - 32. What is the tens digit of r(-3)?
8
Suppose 3*f - 2*c - 60 = f, -5*f - c = -168. What is the tens digit of f?
3
Let t(d) = -d + 1. Suppose -2*j = 3*j. What is the units digit of t(j)?
1
Suppose 15 = -3*p + 6. Let a be 5*12/10*p. Let l = 29 + a. What is the units digit of l?
1
Let n(z